(5).
46
Let c(r) = -21152*r - 42378. Calculate c(-2).
-74
Let c(p) = p**3 - 98*p**2 - 1559*p - 1209. Give c(112).
-201
Let m(o) = -o**3 + 3*o**2 - 7*o + 966. Calculate m(0).
966
Let y(t) = t**2 - 2*t - 2423. Give y(-41).
-660
Let q(n) = -12721*n + 9591623. Determine q(754).
-11
Let y(c) = -5540*c - 27751. Give y(-5).
-51
Let s(b) = -424*b**2 + 105*b + 215. What is s(-2)?
-1691
Let u(y) = -610*y**2 - 2949. Give u(0).
-2949
Let s(j) = 144948*j - 5508020. What is s(38)?
4
Let m(z) = -494*z + 71130. What is m(144)?
-6
Let t(r) = 31*r**2 - 371*r - 401. Calculate t(-1).
1
Let r(p) = 6994*p + 139902. Determine r(-20).
22
Let c(h) = 13*h**2 - 357*h - 1797. What is c(-5)?
313
Let k(n) = 30*n - 542. Give k(-34).
-1562
Let y(r) = 9552*r + 2005930. Determine y(-210).
10
Let i(v) = -579832*v - 1739497. What is i(-3)?
-1
Let n(k) = -64*k**2 - 961*k - 756. Calculate n(-13).
921
Let j(k) = 2*k**2 - 231405*k - 1388448. Give j(-6).
54
Let u(y) = 8*y**3 - 86*y**2 - 6*y + 81. What is u(-1)?
-7
Let a(s) = -2*s**2 + 5354*s - 10680. Determine a(2).
20
Let k(n) = -43829*n + 4645882. Calculate k(106).
8
Let s(i) = 1300*i**2 - 6435*i - 319. Give s(5).
6
Let g(x) = 2270*x + 6571. Determine g(-3).
-239
Let c(w) = -w**3 + 17*w**2 + 54*w - 76. Give c(22).
-1308
Let r(i) = 5*i**2 + 422*i + 3343. What is r(-9)?
-50
Let j(y) = -4*y**3 - 131*y**2 - 93*y + 109. Determine j(-32).
13
Let r(i) = 5568*i + 28633. Calculate r(-5).
793
Let m(x) = -x**3 + x**2 - 46*x + 105. Determine m(3).
-51
Let i(l) = l**2 + 53093*l - 6118919. Give i(115).
1
Let b(v) = 67162*v + 940212. Give b(-14).
-56
Let n(z) = -137*z + 1733. Calculate n(12).
89
Let m(q) = -q**2 - 3688*q - 424829. What is m(-119)?
-118
Let l(f) = -12*f**3 + 5749*f**2 - 757*f + 133158. Determine l(479).
-4
Let d(r) = 2134*r + 281716. What is d(-132)?
28
Let r(q) = 4*q**3 + 82*q**2 + 23*q - 37. Give r(-20).
303
Let l(y) = -y**3 - 77*y**2 - 1009*y + 99. Give l(-17).
-88
Let r(i) = 2*i**2 - 21118*i - 296035. What is r(-14)?
9
Let q(l) = -105*l - 889. What is q(-13)?
476
Let r(c) = -c**2 + 4137*c - 4002541. Determine r(2594).
1
Let j(p) = 12*p**2 + 979*p - 15292. Give j(-95).
3
Let f(h) = 6165*h - 752112. Give f(122).
18
Let r(o) = -847*o - 149108. Give r(-176).
-36
Let r(d) = -101521*d + 609205. Determine r(6).
79
Let u(n) = -528*n - 210673. Determine u(-399).
-1
Let u(r) = -41*r**2 - 282*r + 2803. Determine u(11).
-5260
Let m(j) = -18*j**2 - 5075*j + 108694. Give m(20).
-6
Let j(b) = 3077*b + 46159. What is j(-15)?
4
Let n(v) = -618*v + 9461. What is n(17)?
-1045
Let v(m) = -147*m**3 - 9119*m**2 - 313*m - 168. Determine v(-62).
18
Let n(i) = -7*i**2 - 174*i + 67. Give n(-18).
931
Let y(i) = -2*i**3 + 326*i**2 + 662*i - 344. Give y(165).
-14
Let n(o) = -o**2 - 193*o + 6175. Determine n(-221).
-13
Let z(y) = 4762*y + 47731. Calculate z(-10).
111
Let q(r) = 128*r**2 + 1415*r - 11. What is q(-10)?
-1361
Let r(g) = -4*g**2 - 105*g + 1945. Determine r(-44).
-1179
Let h(j) = -1211*j + 66861. Calculate h(55).
256
Let x(c) = 25*c**2 + 6173*c + 86954. Calculate x(-15).
-16
Let w(t) = -2*t**3 - 1576*t**2 - 1614*t - 31432. Determine w(-787).
48
Let o(d) = -d**3 - 76*d**2 - 128*d + 1723. Calculate o(-74).
243
Let j(g) = -24*g**2 + 576*g - 4382. What is j(8)?
-1310
Let j(s) = 181*s**3 + 2526*s**2 - 110*s + 33. Determine j(-14).
5
Let f(n) = -13*n**2 - 49*n + 57. Determine f(-7).
-237
Let h(n) = 21*n**3 - 26*n**2 + 26*n - 7. Give h(1).
14
Let a(m) = 1426*m + 5678. Determine a(-4).
-26
Let u(v) = 10*v**2 - 174*v - 4424. Calculate u(-14).
-28
Let f(d) = 11*d**3 + 121*d**2 - 3*d - 40. Give f(-10).
1090
Let i(j) = 277*j + 531. Give i(-3).
-300
Let a(y) = -y**3 - 4*y**2 - 316*y - 916. Calculate a(-3).
23
Let j(g) = -4*g**2 - 1325*g - 2951. Calculate j(-329).
10
Let y(c) = -176*c + 788. Determine y(6).
-268
Let y(h) = -h**3 + 93*h**2 - 7*h + 349. Determine y(93).
-302
Let j(y) = 6511473*y + 78137684. Give j(-12).
8
Let v(q) = -549*q - 6718. Determine v(-15).
1517
Let o(y) = -499*y**3 - 19957*y**2 + 95*y - 993. Give o(-40).
7
Let p(i) = 590*i**2 + 246625*i + 2085. Give p(-418).
-5
Let m(b) = -3*b**2 - 2383*b + 1553005. Give m(-1219).
-1
Let t(s) = -s**3 + 28*s**2 + 17*s + 44. Calculate t(32).
-3508
Let a(y) = -133*y - 9141. Calculate a(-71).
302
Let x(p) = -44554*p + 445651. Give x(10).
111
Let k(z) = 58695*z + 234777. What is k(-4)?
-3
Let y(z) = -z**3 - 91*z**2 + 1724*z + 624. What is y(-107)?
-660
Let d(i) = 547*i + 57427. Determine d(-105).
-8
Let r(y) = -1998*y - 219789. Calculate r(-110).
-9
Let s(u) = 528*u - 88. Determine s(-2).
-1144
Let u(y) = -107*y**2 + 3723*y + 169. Determine u(35).
-601
Let h(p) = -2*p**3 - 404*p**2 + 403*p - 554. Calculate h(-203).
55
Let q(v) = v**3 + 17*v**2 - 65*v - 1044. Give q(-17).
61
Let j(s) = 414*s - 17297. Give j(42).
91
Let m(z) = 6*z**2 - 4890*z + 4889. Give m(1).
5
Let u(h) = -2*h**2 - 18*h + 25. Calculate u(-4).
65
Let z(n) = 956*n + 50148. Give z(-52).
436
Let m(o) = -2990*o + 403655. What is m(135)?
5
Let c(z) = 2609*z + 151292. Determine c(-58).
-30
Let l(j) = j**3 - 2482*j**2 + 9922*j - 3. What is l(4)?
37
Let z(k) = 356*k - 140951. Give z(396).
25
Let b(f) = -f**3 + 29*f**2 + 172*f - 6528. Give b(26).
-28
Let i(h) = 2*h**2 + 18*h - 488. What is i(0)?
-488
Let b(w) = -w**2 - 338*w + 7954. Give b(22).
34
Let w(f) = -977*f**3 - 3912*f**2 + 82*f + 387. Determine w(-4).
-5
Let r(z) = 2*z**2 - 2188*z + 59711. Calculate r(28).
15
Let c(m) = 78*m**2 + 1570*m + 146. Calculate c(-20).
-54
Let g(a) = 37*a**3 - 24*a**2 - 95*a - 77. What is g(-4)?
-2449
Let m(h) = -181*h**2 + 17*h - 311. What is m(0)?
-311
Let a(z) = -15435*z - 139041. Calculate a(-9).
-126
Let t(u) = -91*u**2 + 9007*u + 195. Give t(99).
-3
Let f(z) = -19*z**2 + 1899822*z + 1899822. Give f(-1).
-19
Let u(h) = -h**3 + 98*h**2 + 243*h - 5219. What is u(100)?
-919
Let f(y) = -y**3 + 333*y**2 + 3424*y + 2054. Give f(343).
-4
Let q(j) = -2*j**3 - 65*j**2 + 14*j - 407. What is q(-33)?
220
Let q(m) = 2*m**2 - 75*m - 1505. What is q(-21)?
952
Let v(j) = -2*j**3 + 67*j**2 + 94*j - 4179. Give v(33).
12
Let q(k) = 30*k**2 + 497*k + 1085. Determine q(-14).
7
Let r(m) = -m**3 - 87*m**2 - 1196*m + 280. Calculate r(-70).
700
Let v(k) = -k**3 + 161*k**2 - 1415*k - 11. Calculate v(9).
-434
Let a(i) = -2110*i + 5775. Give a(3).
-555
Let f(z) = z**2 - 176*z + 7192. Calculate f(86).
-548
Let v(z) = -7*z**3 + 107*z**2 - 49*z + 48. Calculate v(15).
-237
Let v(u) = -u**2 + 216*u - 4333. What is v(198)?
-769
Let t(i) = -i**3 + 32*i**2 - 572*i + 16774. Give t(31).
3
Let k(y) = 1395*y - 2762. Calculate k(2).
28
Let l(b) = -2*b**3 + 72*b**2 + 37*b + 1370. Give l(37).
1
Let n(h) = -2*h**3 + 311*h**2 + 465*h + 933. Give n(157).
-9
Let b(z) = -41*z**3 - 571*z**2 + 1357*z - 75. Calculate b(-16).
-27
Let n(u) = -69*u**2 + 1402*u - 445. What is n(20)?
-5
Let j(w) = 195*w - 16833. Give j(85).
-258
Let v(b) = -474*b - 22819. Determine v(-46).
-1015
Let w(g) = -2*g**3 + 232*g**2 - 893*g + 103639. Calculate w(116).
51
Let b(n) = -5*n**2 - 1370*n + 9590. Determine b(7).
-245
Let t(g) = 1765*g**3 + 10588*g**2 - 25*g - 93. Calculate t(-6).
-15
Let j(m) = 128*m**3 - 488*m**2 + 990*m - 37. Give j(2).
1015
Let m(n) = 201*n**2 - 3923*n + 2123. Give m(19).
147
Let w(x) = 3139*x**2 + 15738*x + 136. Give w(-5).
-79
Let t(h) = -672*h - 69826. Determine t(-104).
62
Let a(m) = m**2 - 55*m + 49. Calculate a(55).
49
Let g(c) = -14*c**3 - 137*c**2 + 593*c + 75. Calculate g(-13).
-29
Let t(o) = -181*o**2 + 2350*o + 18. What is t(13)?
-21
Let r(a) = 10691*a - 716302. Determine r(67).
-5
Let i(p) = -980*p + 37379. Give i(44).
-5741
Let b(f) = f**3 + 15*f**2 + 3941*f + 59105. Calculate b(-15).
-10
Let z(s) = -2*s**2 - 127*s + 133. What is z(-30)?
2143
Let m(b) = -b**2 + 1398*b - 347971. Give m(324).
5
Let u(n) = -51*n**2 + 7870*n - 38080. Give u(5).
-5
Let a(l) = l**2 + 13552*l - 393838. Calculate a(29).
11
Let u(o) = -612502*o + 104125338. Give u(170).
-2
Let x(j) = j**3 + 963*j**2 + 28004*j + 13043. What is x(-933)?
-19
Let w(z) = -3*z**3 - 13*z**2 + 51*z - 3. What is w(3)?
-48
Let d(u) = u**3 + 582*u**2 - 1161*u - 4. Calculate d(2).
10
Let k(d) = -146142*d + 1169189. Determine k(8).
53
Let f(m) = -4*m**3 + 32*m**2 - 66*m - 15. What is f(6)?
-123
Let r(q) = -225*q - 89. What is r(0)?
-89
Let s(w) = 